h(20). Suppose 3*t - 3*j - 1665 = 0, -5*j = s*t - 0*j - 2238. Is t composite?
False
Let h = 26231 - 16727. Let f = h + -2957. Is f a composite number?
False
Let k = -59746 - -30325. Let n = -15512 - k. Is n a composite number?
True
Is 11/(-2*((-68154)/7572 - -9)) a prime number?
False
Let o = -1329 - -41300. Is o a prime number?
True
Let x(i) = 1363*i + 809. Is x(54) a prime number?
True
Suppose 14*s = -0*s + 56. Is (-88914)/(-98) - s/14 prime?
True
Let l(n) = n**3 + 17*n**2 + 13*n + 1. Suppose 0*b + 14*b = -168. Is l(b) a prime number?
False
Let r = 122 + 16. Let c = r - 303. Let h = 128 - c. Is h a prime number?
True
Let l = 73047 + -36635. Is ((-6)/(-4))/(6/l) a prime number?
True
Is 42/(-147)*((-589174)/4 + -3 + 6) a prime number?
True
Suppose 15*t = 19*t - 16. Suppose t*m - 5307 = -403. Is m a composite number?
True
Suppose -2*y = 8, 576 = -3*b - 2*y + 148. Let q = 146 + b. Suppose 2*w + 27212 = q*w. Is w prime?
True
Suppose 323*q - 338*q = -740325. Is q a composite number?
True
Let g(u) = -u**2 + u + 42. Let s be g(-5). Is 2*2/s + 17376/9 a prime number?
True
Let j(x) = 143*x + 12. Let c be j(-13). Let s = c - -3184. Is s a prime number?
False
Let h = -128 - -128. Suppose h = 17*y - 58870 + 951. Is y a composite number?
False
Is (-19 + -3 + 10)/2 - -83513 a prime number?
False
Suppose 60*y - 347780 = 56*y. Is y a prime number?
False
Suppose -3 + 3 = -5*w. Suppose -6*s + s + 5*y = -8260, w = -4*y + 20. Is s composite?
False
Suppose 0 = -3*r + 43696 - 11224. Suppose 23*i - 21*i + 2 = 0, c + 2*i - 9 = 0. Suppose c*m - r = 27203. Is m a composite number?
False
Suppose 24 + 4 = n. Suppose -n*d + 207591 = 75683. Is d a prime number?
False
Let y(u) = 11*u + 17*u**2 - 5*u**3 + 4*u**3 - 10*u**2 + 0*u**3 + 12*u**2 + 32. Is y(-17) a prime number?
False
Let b(y) = -y**2 - 11*y - 10. Let p be b(-8). Suppose -j = 2*w + 6, 0*j + 2*w = j - p. Suppose -j*z + 587 = -3*z. Is z a composite number?
False
Suppose -12*i = -52*i + 1803640. Is i a composite number?
True
Let w = 550 - 229. Let s = w - 143. Is s/(-6)*5/((-10)/6) composite?
False
Let u be ((-36432)/(-9))/((-9)/3 - -4). Suppose 0 = -7*q - u + 11111. Is q a prime number?
True
Suppose 0 = -2*u - 0*u - 62. Let x = u - -30. Is 3 - (-102)/(-3)*x prime?
True
Suppose 5*x = -9*r + 7*r - 3387, 0 = 2*r + 2. Let j = 1686 + x. Is j a composite number?
False
Suppose 2*m + 7*s - 12*s = -111, 5*s - 217 = 4*m. Is m/(-18)*670 - (-2)/9 composite?
False
Let y(f) = f**2 - 10*f + 5. Let u be y(7). Let l be 2/1 + (-2)/4*u. Suppose c + l - 368 = -w, -1075 = -3*c - 2*w. Is c composite?
False
Suppose 0 = 19*l - 10785 - 15169. Suppose -1170 = 2*y + 4*y. Let h = l - y. Is h a composite number?
True
Let w be -27*6/(-18) + -22907. Let q = -2179 - w. Is q composite?
False
Suppose 5*i - 45 = 3*w, -i - 12*w + 11*w = -1. Let x(t) = 4*t**3 - 14*t**2 + 50*t - 13. Is x(i) composite?
False
Let k = 142 - 137. Suppose 2*s = -k*g + 6985, -s = 4*s + 25. Is g composite?
False
Let c = 116981 + 5406. Is c a composite number?
False
Suppose -5*a = 3*z - 1037559, 3*z + 4*a = 693958 + 343607. Is z prime?
False
Let u = -14212 + 31935. Is u a composite number?
True
Let u(a) = 2*a + 7. Let q be u(-4). Is 51636/130 - q/(-10)*2 a composite number?
False
Suppose -4*s - h - 22 = -23, 0 = -3*s + 5*h - 5. Suppose p = i - s*i + 11098, 4*p - 2*i - 44382 = 0. Is p a prime number?
True
Suppose -2*c = -10, 3*y - 3818 = -y - 2*c. Let o = -348 + y. Suppose -925 = -3*f + 3*v - v, -5*v = 2*f - o. Is f prime?
True
Let m be 1 + 7 - (-18 + 21). Suppose 6559 = 3*k - m*n, 0 = 17*k - 18*k + 3*n + 2189. Is k composite?
True
Let x = -4743 + 1407. Let o = x - -5831. Let w = o - 1504. Is w prime?
True
Let j be ((-360)/(-28))/((-2)/(-14)). Suppose 4*c = 7*c + 4*c. Suppose 4*n - 222 = -y, c = 3*n - 4*y - j - 67. Is n prime?
False
Suppose 3*z + 50 = 5*c + 941, -3*z = 2*c - 912. Is z - -1 - (4 - (8 + -2)) a composite number?
True
Let g = 438363 + -245696. Is g a prime number?
True
Let b = 40320 - 26143. Is b composite?
False
Let u = 66993 - -10936. Is u a composite number?
False
Let a(n) = 2*n - 23. Let g be a(14). Suppose g = -5*x - o, 2*x = -2*x + 2*o + 10. Suppose x = -0*l + l + 3*h - 776, -2 = 2*h. Is l composite?
True
Let x(h) = h**2 + 3*h - 24. Let b be x(-7). Let c(s) = 6*s**2 + 4*s - 23. Is c(b) composite?
False
Let i(r) = 50031*r + 5000. Is i(35) composite?
True
Suppose -689691 = 968*n - 971*n. Is n a composite number?
False
Let n be (((-4)/(-1))/4)/1 - -335405. Is 6/16 - (n/(-48) - 7) composite?
True
Let m = 5541 - 904. Is m prime?
True
Suppose 7*d = 9*d - 2*y - 8, 5 = -5*y. Suppose 4*v = d*t - 6617, -2*t - v + 4393 = -0*v. Is t prime?
False
Is ((-280)/210)/(1*(-4)/6927) a prime number?
True
Let w(p) = -16*p**3 + 12*p**2 - 42*p - 33. Is w(-10) prime?
False
Let j(l) = 2*l**3 + 11*l**2 - 5*l + 8. Let t be j(-6). Suppose -3 + 29 = t*r. Let s(k) = 2*k**2 - 8*k + 19. Is s(r) composite?
True
Suppose -5*r = 5*y - 1034935, -r - 4*y = -107442 - 99527. Is r a composite number?
False
Suppose 3*c - 3*f - 126 = 0, -4*c + 2*f = -7*c + 131. Let g = 115 + c. Is g composite?
True
Let v = 8950 + -8356. Suppose -h - 348 - 55 = 2*k, -5*k - 2*h - 1006 = 0. Let c = v + k. Is c composite?
True
Let r(f) = -219*f**2 - 10*f - 10. Let l = -93 - -88. Let i be r(l). Is 2 - (i + -1)/3 a composite number?
True
Let u be (3 + (-36)/15)/(1/5). Suppose -8 = -u*n + 4. Suppose -1126 = -r + 4*t, 2*r - t = -n*t + 2219. Is r a composite number?
True
Let i = 338 + -338. Suppose i = -19*g + 34*g - 90105. Is g a prime number?
True
Let u(w) = 2*w**2 - 10*w - 56. Let r be u(-4). Let t(a) = 457*a - 33. Is t(r) a composite number?
True
Let h(k) = -230*k - 1. Let q be h(-2). Suppose -9*b - 1078 - 722 = 0. Let r = q + b. Is r a composite number?
True
Suppose 0 = 4*q + h - 61987, 3 = -10*h + 7*h. Is q composite?
False
Let m(i) be the third derivative of 7*i**5/60 - 11*i**4/12 - 7*i**3/3 + 15*i**2 + 2*i. Is m(6) prime?
False
Let x(d) = -7*d + 7. Let i be x(1). Suppose 2*f = 5*z + f + 12, i = 3*z - 3*f + 12. Let g(v) = -153*v - 3. Is g(z) a prime number?
False
Let k(u) = 4*u + 2. Let w(c) = -3*c - 2. Let d(y) = 2*k(y) + 3*w(y). Let r be d(5). Is -1 + 291 + (-4 - r) composite?
False
Let f be 255/35 - 7 - 225/(-21). Suppose 9*u = -f*u + 116740. Is u prime?
False
Suppose 0 = 5*p - 6*b - 94181, 24*b - 22*b + 37672 = 2*p. Is p a prime number?
False
Let m(q) = -2*q - 45. Let u be m(-20). Is (-27669)/(-18) - ((-58)/12 - u) a prime number?
False
Suppose 106*k = -59*k + 13*k + 5009768. Is k prime?
False
Let w be (-128808)/16*4/6. Let i be w/(-5) + ((-12)/30 - -1). Suppose -2*s + i = 4*s. Is s a composite number?
False
Let o be 2*(6 - 7)*(-67)/2. Let q = 176 - o. Is q prime?
True
Let z = 7818 - 4123. Suppose 13*t - z = 8*t. Is t a prime number?
True
Let v(z) = 363*z**2 - 10*z + 83. Is v(4) a composite number?
False
Let p = -25 - -49. Let f = 24 - p. Suppose f = 5*u - 845 - 650. Is u a composite number?
True
Suppose 5*h - 5 = 0, -12*x + 11*x - 4*h + 201393 = 0. Is x prime?
True
Is -7 + (-496048)/(-72) - 32/(-72) composite?
False
Let c(b) = -9*b**3 + 838*b**2 + 23*b - 185. Is c(43) a composite number?
False
Let m(c) = c + 1177. Let y(g) = -g + 1. Let a be y(-5). Suppose a*u - u = 2*u. Is m(u) prime?
False
Is ((-17401917)/(-369))/(2/(-12)*-1*2) a prime number?
False
Let g(p) = p**3 + p**2 + 7*p + 1556. Let c be g(0). Let f = c + 11055. Is f a composite number?
False
Suppose -4*w + 5*q - 4*q = -5838562, -3*q = -6. Suppose u - 42*u + w = 0. Is u composite?
True
Let q(v) = -2*v**2 + 2 - 26*v + 0*v**2 + 28*v + 0. Let r be q(2). Is r + ((-6)/(-3) + 53)*7 a prime number?
True
Let i(j) be the third derivative of j**5/20 + 3*j**4/4 - 19*j**3/6 + 11*j**2. Let v(w) = -4*w**2 + 2. Let g be v(2). Is i(g) composite?
False
Let b = -46431 + 105502. Is b a composite number?
True
Let g = -63 + 77. Let o(z) = -3*z**2 + 4*z - 29. Let b be o(g). Let a = -310 - b. Is a composite?
False
Let w(x) = 2*x - 3*x - 3*x - 20 - 22. Let b be w(-12). Is ((-2)/b)/((-2)/330) composite?
True
Let t(o) be the second derivative of 1159*o**3/3 + 3*o**2/2 - 4*o - 1. Is t(1) prime?
False
Suppose -5*x + 45 = 5*b, -5*x + 8*b - 4*b = 0. Suppose 8241 + 1595 = x*y. Is y prime?
True
Suppose 26 = 54*p - 52*p. Suppose -p*q + 50326 = -99707. Is q prime?
False
Suppose -4*p + 6